01478725 is divided by 67159566?
27
Calculate the remainder when 7913042 is divided by 1186.
50
What is the remainder when 6409920 is divided by 17756?
4
What is the remainder when 7963081 is divided by 3124?
5
What is the remainder when 12930 is divided by 351?
294
What is the remainder when 89862 is divided by 14973?
24
Calculate the remainder when 498232698 is divided by 34.
30
Calculate the remainder when 378351 is divided by 1366.
1335
What is the remainder when 885265 is divided by 3673?
72
Calculate the remainder when 16341240 is divided by 263.
261
What is the remainder when 6411304 is divided by 269?
227
What is the remainder when 1677379 is divided by 1376?
35
What is the remainder when 1467638347 is divided by 67?
64
What is the remainder when 3108522689 is divided by 390?
389
Calculate the remainder when 10729 is divided by 3474.
307
Calculate the remainder when 6321019 is divided by 7.
5
What is the remainder when 3846260 is divided by 3846258?
2
Calculate the remainder when 1217908 is divided by 2003.
84
What is the remainder when 1900879 is divided by 237592?
143
What is the remainder when 3670618 is divided by 33?
28
Calculate the remainder when 14767688 is divided by 347.
62
Calculate the remainder when 825502 is divided by 274783.
1153
What is the remainder when 259420 is divided by 968?
964
What is the remainder when 183116 is divided by 44805?
3896
What is the remainder when 2096597 is divided by 4876?
4793
Calculate the remainder when 19331758 is divided by 15.
13
What is the remainder when 21729598 is divided by 311?
28
What is the remainder when 4551868 is divided by 3907?
213
What is the remainder when 4373007 is divided by 4560?
4527
What is the remainder when 93288460 is divided by 101?
12
Calculate the remainder when 5931766 is divided by 904.
622
Calculate the remainder when 13521309 is divided by 6760653.
3
Calculate the remainder when 205409 is divided by 8839.
2112
What is the remainder when 124965293 is divided by 1883?
1881
What is the remainder when 40454 is divided by 3365?
74
What is the remainder when 8754466 is divided by 547149?
82
Calculate the remainder when 13690332 is divided by 139697.
26
What is the remainder when 3322121 is divided by 3322068?
53
Calculate the remainder when 166284 is divided by 3338.
2722
Calculate the remainder when 1928690 is divided by 11412.
62
What is the remainder when 2740245 is divided by 2460?
2265
What is the remainder when 3670457 is divided by 14117?
37
Calculate the remainder when 15062977 is divided by 14.
13
What is the remainder when 53056 is divided by 5267?
386
What is the remainder when 24666 is divided by 12290?
86
Calculate the remainder when 142105 is divided by 35516.
41
Calculate the remainder when 3225983 is divided by 2185.
923
What is the remainder when 5466931 is divided by 1019?
1015
Calculate the remainder when 171126 is divided by 64.
54
What is the remainder when 12001527 is divided by 1609?
1605
Calculate the remainder when 1497472 is divided by 499001.
469
Calculate the remainder when 31322240 is divided by 3476.
4
Calculate the remainder when 3930293 is divided by 72782.
65
What is the remainder when 224650 is divided by 583?
195
Calculate the remainder when 8261529 is divided by 16999.
15
What is the remainder when 68113930 is divided by 193?
177
Calculate the remainder when 181355 is divided by 181218.
137
Calculate the remainder when 13002 is divided by 56.
10
Calculate the remainder when 480346271 is divided by 233.
228
Calculate the remainder when 80417055 is divided by 26805680.
15
What is the remainder when 203578 is divided by 92?
74
What is the remainder when 985944 is divided by 581?
568
Calculate the remainder when 958045 is divided by 678.
31
What is the remainder when 8897776 is divided by 451?
448
What is the remainder when 530778 is divided by 5706?
120
Calculate the remainder when 104062 is divided by 446.
144
Calculate the remainder when 1242389 is divided by 462.
71
What is the remainder when 79358 is divided by 4306?
1850
What is the remainder when 104685 is divided by 4364?
4313
Calculate the remainder when 268141 is divided by 10299.
367
What is the remainder when 8971020 is divided by 178?
176
What is the remainder when 13783990 is divided by 3271?
3267
What is the remainder when 13433 is divided by 130?
43
What is the remainder when 4635129 is divided by 171668?
93
What is the remainder when 259495998 is divided by 64?
62
What is the remainder when 14541 is divided by 607?
580
What is the remainder when 87410032 is divided by 59?
57
Calculate the remainder when 44486811 is divided by 20.
11
What is the remainder when 93974521 is divided by 50?
21
Calculate the remainder when 432442 is divided by 465.
457
What is the remainder when 4418127 is divided by 1104530?
7
What is the remainder when 1996132 is divided by 5028?
16
Calculate the remainder when 41148367 is divided by 326.
321
Calculate the remainder when 49186805 is divided by 4802.
4721
Calculate the remainder when 1384945 is divided by 125871.
364
What is the remainder when 96301 is divided by 310?
201
What is the remainder when 2813759 is divided by 703428?
47
What is the remainder when 663639 is divided by 60322?
97
What is the remainder when 274883963 is divided by 17?
15
Calculate the remainder when 1438218 is divided by 1461.
594
Calculate the remainder when 15097358 is divided by 11.
1
What is the remainder when 130207 is divided by 64701?
805
Calculate the remainder when 1014125 is divided by 5482.
5437
What is the remainder when 4932901 is divided by 352350?
1
Calculate the remainder when 18376385 is divided by 1253.
1140
Calculate the remainder when 2772743 is divided by 2772723.
20
What is the remainder when 1729687102 is divided by 32?
30
What is the remainder when 58314334 is divided by 64507?
6
What is the remainder when 75199 is divided by 16323?
9907
What is the remainder when 207685 is divided by 681?
661
Calculate the remainder when 319005856 is divided by 34.
6
Calculate the remainder when 414087 is divided by 59151.
30
What is the remainder when 156955 is divided by 4495?
4125
Calculate the remainder when 21940450 is divided by 5106.
5074
What is the remainder when 33135 is divided by 1141?
46
What is the remainder when 33045481 is divided by 1163?
1162
What is the remainder when 59653437 is divided by 70?
67
Calculate the remainder when 9966978 is divided by 5052.
4434
Calculate the remainder when 115443 is divided by 4725.
2043
Calculate the remainder when 27078848 is divided by 67.
61
What is the remainder when 1161057 is divided by 1817?
1811
What is the remainder when 3739174 is divided by 126?
124
What is the remainder when 178224 is divided by 89050?
124
What is the remainder when 62287456 is divided by 5001?
1
What is the remainder when 227381 is divided by 552?
509
What is the remainder when 389419 is divided by 15576?
19
What is the remainder when 252285 is divided by 82?
53
What is the remainder when 17232 is divided by 1684?
392
Calculate the remainder when 138502 is divided by 762.
580
What is the remainder when 727106 is divided by 363329?
448
Calculate the remainder when 9234325 is divided by 119.
44
What is the remainder when 1019317 is divided by 237?
217
Calculate the remainder when 2027093 is divided by 405257.
808
What is the remainder when 107944 is divided by 527?
436
What is the remainder when 152033 is divided by 22?
13
What is the remainder when 4387294 is divided by 89?
39
What is the remainder when 1693812 is divided by 8303?
0
Calculate the remainder when 323904 is divided by 52.
48
What is the remainder when 354803 is divided by 710?
513
Calculate the remainder when 60862863 is divided by 316.
315
What is the remainder when 86396 is divided by 24?
20
What is the remainder when 4219138 is divided by 1406234?
436
Calculate the remainder when 182801 is divided by 26080.
241
What is the remainder when 6329408 is divided by 1213?
1187
What is the remainder when 289970 is divided by 32124?
854
Calculate the remainder when 219508773 is divided by 632.
5
Calculate the remainder when 41489853 is divided by 15.
3
Calculate the remainder when 5550 is divided by 78.
12
Calculate the remainder when 2005919 is divided by 52783.
1